t is the hundreds digit of 12391189?
1
What is the hundred thousands digit of 19353972?
3
What is the hundred thousands digit of 405712?
4
What is the units digit of 85474?
4
What is the millions digit of 2386765?
2
What is the millions digit of 8573174?
8
What is the thousands digit of 219341?
9
What is the ten thousands digit of 62155?
6
What is the hundred thousands digit of 4890475?
8
What is the units digit of 446905?
5
What is the tens digit of 313046?
4
What is the hundreds digit of 8592559?
5
What is the tens digit of 234735?
3
What is the ten thousands digit of 2358564?
5
What is the hundred thousands digit of 410215?
4
What is the thousands digit of 628330?
8
What is the hundred thousands digit of 9545306?
5
What is the units digit of 163381?
1
What is the tens digit of 23220?
2
What is the thousands digit of 71667?
1
What is the millions digit of 5190218?
5
What is the millions digit of 7552442?
7
What is the thousands digit of 35355405?
5
What is the thousands digit of 688659?
8
What is the units digit of 11190463?
3
What is the ten thousands digit of 250474?
5
What is the hundred thousands digit of 534219?
5
What is the thousands digit of 10247490?
7
What is the thousands digit of 1689130?
9
What is the thousands digit of 28638716?
8
What is the tens digit of 666408?
0
What is the millions digit of 15744723?
5
What is the millions digit of 14681533?
4
What is the hundreds digit of 26768786?
7
What is the hundred thousands digit of 306339?
3
What is the units digit of 149936?
6
What is the hundreds digit of 151708?
7
What is the hundreds digit of 474748?
7
What is the units digit of 374976?
6
What is the ten millions digit of 21169102?
2
What is the tens digit of 353037?
3
What is the millions digit of 22153966?
2
What is the hundreds digit of 1290736?
7
What is the units digit of 9538479?
9
What is the hundreds digit of 5772907?
9
What is the hundreds digit of 229444?
4
What is the millions digit of 9910543?
9
What is the ten millions digit of 33434097?
3
What is the ten thousands digit of 91340?
9
What is the units digit of 426179?
9
What is the thousands digit of 13992430?
2
What is the tens digit of 88376?
7
What is the ten thousands digit of 7282748?
8
What is the hundreds digit of 17448389?
3
What is the tens digit of 12758292?
9
What is the tens digit of 2538299?
9
What is the hundreds digit of 290531?
5
What is the hundred thousands digit of 440975?
4
What is the ten thousands digit of 4684916?
8
What is the thousands digit of 105167?
5
What is the thousands digit of 594661?
4
What is the millions digit of 2240359?
2
What is the hundreds digit of 227529?
5
What is the hundreds digit of 350134?
1
What is the tens digit of 583924?
2
What is the hundreds digit of 750823?
8
What is the hundreds digit of 127366?
3
What is the hundred thousands digit of 143988?
1
What is the hundreds digit of 3539977?
9
What is the hundreds digit of 27480591?
5
What is the hundred thousands digit of 8128009?
1
What is the hundreds digit of 7955219?
2
What is the ten thousands digit of 125246?
2
What is the tens digit of 23077702?
0
What is the hundreds digit of 1149210?
2
What is the ten thousands digit of 319002?
1
What is the hundreds digit of 20077646?
6
What is the hundreds digit of 751092?
0
What is the tens digit of 1906816?
1
What is the hundred thousands digit of 612144?
6
What is the hundreds digit of 9173?
1
What is the hundreds digit of 513820?
8
What is the units digit of 6974346?
6
What is the units digit of 137980?
0
What is the ten thousands digit of 6312737?
1
What is the hundreds digit of 4163386?
3
What is the units digit of 285425?
5
What is the hundreds digit of 27240?
2
What is the tens digit of 1147146?
4
What is the ten thousands digit of 683007?
8
What is the hundred thousands digit of 156633?
1
What is the units digit of 1768414?
4
What is the units digit of 620863?
3
What is the thousands digit of 181699?
1
What is the thousands digit of 341901?
1
What is the hundred thousands digit of 3057203?
0
What is the tens digit of 124580?
8
What is the hundreds digit of 42673531?
5
What is the thousands digit of 2243619?
3
What is the tens digit of 485852?
5
What is the tens digit of 392004?
0
What is the units digit of 2697239?
9
What is the hundreds digit of 7490544?
5
What is the hundred thousands digit of 4640698?
6
What is the ten thousands digit of 712381?
1
What is the millions digit of 1818961?
1
What is the ten thousands digit of 1371370?
7
What is the thousands digit of 47774?
7
What is the ten thousands digit of 9759856?
5
What is the hundreds digit of 1324926?
9
What is the hundreds digit of 6938120?
1
What is the hundreds digit of 632937?
9
What is the tens digit of 717332?
3
What is the ten millions digit of 43169840?
4
What is the units digit of 4858644?
4
What is the millions digit of 1050163?
1
What is the units digit of 9712178?
8
What is the thousands digit of 18683928?
3
What is the tens digit of 653626?
2
What is the millions digit of 9718389?
9
What is the tens digit of 3211908?
0
What is the units digit of 1123920?
0
What is the units digit of 101800?
0
What is the tens digit of 185053?
5
What is the hundred thousands digit of 209729?
2
What is the thousands digit of 76203?
6
What is the ten thousands digit of 3448018?
4
What is the hundred thousands digit of 13397812?
3
What is the millions digit of 18739081?
8
What is the thousands digit of 14110073?
0
What is the thousands digit of 20941790?
1
What is the ten thousands digit of 12125?
1
What is the ten thousands digit of 295766?
9
What is the thousands digit of 2049266?
9
What is the tens digit of 161217?
1
What is the tens digit of 687331?
3
What is the units digit of 906813?
3
What is the tens digit of 11622526?
2
What is the millions digit of 1086101?
1
What is the ten thousands digit of 298965?
9
What is the thousands digit of 39805384?
5
What is the tens digit of 257402?
0
What is the hundred thousands digit of 4607319?
6
What is the ten thousands digit of 2704522?
0
What is the tens digit of 2563064?
6
What is the tens digit of 1918831?
3
What is the ten thousands digit of 1612454?
1
What is the ten thousands digit of 139395?
3
What is the hundred thousands digit of 102274?
1
What is the units digit of 177189?
9
What is the hundred thousands digit of 8042583?
0
What is the hundred thousands digit of 2394101?
3
What is the thousands digit of 565763?
5
What is the tens digit of 12047854?
5
What is the units digit of 696511?
1
What is the hundreds digit of 76901?
9
What is the hundreds digit of 323140?
1
What is the units digit of 260393?
3
What is the millions digit of 15877811?
5
What is the tens digit of 667295?
9
What is the hundred thousands digit of 18441978?
4
What is the tens digit of 723186?
8
What is the units digit of 8812188?
8
What is the hundred thousands digit of 174873?
1
What is the hundreds digit of 434267?
2
What is the units digit of 76817?
7
What is the units digit of 487906?
6
What is the units digit of 322872?
2
What is the thousands digit of 740238?
0
What is the ten millions digit of 36108474?
3
What is the tens digit of 36538?
3
What is the thousands digit of 214414?
4
What is the ten thousands digit of 331264?
3
What is the units digit of 1258707?
7
What is the hundreds digit of 182266?
2
What is the ten thousands digit of 87861?
8
What is the tens digit of 130798?
9
What is the thousands digit of 775214?
5
What is the ten thousands digit of 4569618?
6
What is the millions digit of 3781442?
3
What is the tens digit of 139353?
5
What is the units digit of 1957393?
3
What is the units digit of 2702451?
1
What is the thousands digit of 18307996?
7
What is the tens digit of 187359?
5
What is the units digit of 329654?
4
What is the thousands digit of 5031976?
1
What is the hundred thousands digit of 132258?
1
What is the ten thousands digit of 849009?
4
What is the millions digit of 8996093?
8
What is the hundreds digit of 748467?
4
What is the thousands digit of 30783?
0
What is the units digit of 415053?
3
What is the millions digit of 4369759?
4
What is the hundred thousands digit of 3339527?
3
What is the hundreds digit of 3989749?
7
What is the hundreds digit of 375891?
8
What is the tens digit of 11909703?
0
What is t